{"id":1209,"date":"2023-12-30T11:52:45","date_gmt":"2023-12-30T09:52:45","guid":{"rendered":"https:\/\/wayaly.com\/pruebas3\/?post_type=product&#038;p=1209"},"modified":"2023-12-30T13:34:50","modified_gmt":"2023-12-30T11:34:50","slug":"carrefour","status":"publish","type":"product","link":"https:\/\/wayaly.com\/pruebas3\/producto\/carrefour\/","title":{"rendered":"Carrefour"},"content":{"rendered":"<h3>Como usar la tarjeta regalo Carrefour<\/h3>\n<ol class=\"certificate-popup__tist list-unstyled\">\n<li style=\"list-style-type: none;\">\n<ol>\n<li>Ni esta tarjeta ni su valor caducan.<\/li>\n<li>Las tarjetas regalo Carrefour podr\u00e1n utilizarse como cualquier otro medio de pago para efectuar compras y adquirir productos en los hipermercados Carrefour y supermercados Carrefour \u00abMarket\u00bb y \u00abExpress\u00bb ubicados en Espa\u00f1a contra el saldo previamente cargado, pero no as\u00ed en ninguna de sus Filiales y Servicios (Viajes Carrefour, Estaciones de Servicio Carrefour, seguros Carrefour, cajas autopago, tiendas de Internet\u00a0 de Carrefour en Espa\u00f1a).<\/li>\n<li>Cualquier compra puede ser pagada total o parcialmente con la tarjeta regalo Carrefour, como \u00fanico medio de pago o en combinaci\u00f3n con otros medios como efectivo, tarjetas de d\u00e9bito o cr\u00e9dito o cupones descuento.<\/li>\n<li>El saldo disponible en cada tarjeta regalo Carrefour se reducir\u00e1 en el importe equivalente a las compras realizadas por el beneficiario de dicha tarjeta regalo Carrefour.<\/li>\n<li>Las tarjetas regalo Carrefour no ser\u00e1n canjeables por dinero en ning\u00fan caso.<\/li>\n<li>En caso de p\u00e9rdida, extrav\u00edo o robo de la tarjeta regalo Carrefour no asumir\u00e1 ninguna obligaci\u00f3n de restituir el saldo que pudiera permanecer en la misma ni de sustituirla por otra nueva con ese saldo restante.<\/li>\n<\/ol>\n<\/li>\n<\/ol>\n","protected":false},"excerpt":{"rendered":"<div class=\"b-oJvLzB\" data-state=\"open\" data-orientation=\"vertical\">\n<div id=\"radix-:rbv:\" class=\"b-NGwsL7\" role=\"region\" data-state=\"open\" aria-labelledby=\"radix-:rbu:\" data-orientation=\"vertical\">\n<div class=\"b-tT1Bqf\">\n<p>La tarjeta de regalo Carrefour es tu puerta de entrada al supermercado l\u00edder en Espa\u00f1a. Con miles de ubicaciones en todo el pa\u00eds, Carrefour ofrece una gama diversa de productos de alta calidad a precios razonables. Utiliza la tarjeta de regalo de Carrefour para satisfacer tus necesidades diarias, ya sean alimentos, electrodom\u00e9sticos, ropa y mucho m\u00e1s.<\/p>\n<ul>\n<li><strong>Alimentos:<\/strong>\u00a0Una variedad de productos frescos y de calidad.<\/li>\n<li><strong>Equipamiento de cocina:<\/strong>\u00a0Desde peque\u00f1os electrodom\u00e9sticos hasta utensilios de cocina.<\/li>\n<li><strong>Ropa:<\/strong>\u00a0Moda para toda la familia a precios competitivos.<\/li>\n<li><strong>Tecnolog\u00eda:<\/strong>\u00a0Amplia selecci\u00f3n de dispositivos electr\u00f3nicos y gadgets.<\/li>\n<\/ul>\n<\/div>\n<\/div>\n<\/div>\n","protected":false},"featured_media":1233,"comment_status":"open","ping_status":"closed","template":"","meta":[],"product_cat":[46],"product_tag":[],"class_list":{"0":"post-1209","1":"product","2":"type-product","3":"status-publish","4":"has-post-thumbnail","6":"product_cat-carrefour","8":"first","9":"instock","10":"virtual","11":"purchasable","12":"product-type-simple"},"yoast_head":"<!-- This site is optimized with the Yoast SEO plugin v21.7 - https:\/\/yoast.com\/wordpress\/plugins\/seo\/ -->\n<title>Carrefour - Wayaly GiftCard<\/title>\n<meta name=\"description\" content=\"Descubre la conveniencia de adquirir tarjetas regalo Carrefour a trav\u00e9s de Wayaly, utilizando la pasarela de pago segura de Waynance y pagando con USDT. Disfruta de una experiencia de compra sin complicaciones mientras aprovechas la facilidad y seguridad de las criptomonedas. Con Wayaly, tu acceso a tarjetas regalo Carrefour se vuelve m\u00e1s eficiente y moderno, permiti\u00e9ndote disfrutar de una amplia variedad de productos con total comodidad y tecnolog\u00eda avanzada de pagos. Simplifica tu experiencia de compra con la combinaci\u00f3n perfecta de Wayaly, Waynance y criptomonedas\" \/>\n<meta name=\"robots\" content=\"index, follow, max-snippet:-1, max-image-preview:large, max-video-preview:-1\" \/>\n<link rel=\"canonical\" href=\"https:\/\/wayaly.com\/pruebas3\/producto\/carrefour\/\" \/>\n<meta property=\"og:locale\" content=\"es_ES\" \/>\n<meta property=\"og:type\" content=\"article\" \/>\n<meta property=\"og:title\" content=\"Carrefour - Wayaly GiftCard\" \/>\n<meta property=\"og:description\" content=\"Descubre la conveniencia de adquirir tarjetas regalo Carrefour a trav\u00e9s de Wayaly, utilizando la pasarela de pago segura de Waynance y pagando con USDT. Disfruta de una experiencia de compra sin complicaciones mientras aprovechas la facilidad y seguridad de las criptomonedas. Con Wayaly, tu acceso a tarjetas regalo Carrefour se vuelve m\u00e1s eficiente y moderno, permiti\u00e9ndote disfrutar de una amplia variedad de productos con total comodidad y tecnolog\u00eda avanzada de pagos. Simplifica tu experiencia de compra con la combinaci\u00f3n perfecta de Wayaly, Waynance y criptomonedas\" \/>\n<meta property=\"og:url\" content=\"https:\/\/wayaly.com\/pruebas3\/producto\/carrefour\/\" \/>\n<meta property=\"og:site_name\" content=\"Wayaly GiftCard\" \/>\n<meta property=\"article:modified_time\" content=\"2023-12-30T11:34:50+00:00\" \/>\n<meta property=\"og:image\" content=\"https:\/\/wayaly.com\/pruebas3\/wp-content\/uploads\/2023\/12\/ca.png\" \/>\n\t<meta property=\"og:image:width\" content=\"604\" \/>\n\t<meta property=\"og:image:height\" content=\"612\" \/>\n\t<meta property=\"og:image:type\" content=\"image\/png\" \/>\n<meta name=\"twitter:card\" content=\"summary_large_image\" \/>\n<meta name=\"twitter:site\" content=\"@Wayaly_\" \/>\n<meta name=\"twitter:label1\" content=\"Tiempo de lectura\" \/>\n\t<meta name=\"twitter:data1\" content=\"2 minutos\" \/>\n<script type=\"application\/ld+json\" class=\"yoast-schema-graph\">{\"@context\":\"https:\/\/schema.org\",\"@graph\":[{\"@type\":\"WebPage\",\"@id\":\"https:\/\/wayaly.com\/pruebas3\/producto\/carrefour\/\",\"url\":\"https:\/\/wayaly.com\/pruebas3\/producto\/carrefour\/\",\"name\":\"Carrefour - Wayaly GiftCard\",\"isPartOf\":{\"@id\":\"https:\/\/wayaly.com\/pruebas3\/#website\"},\"datePublished\":\"2023-12-30T09:52:45+00:00\",\"dateModified\":\"2023-12-30T11:34:50+00:00\",\"description\":\"Descubre la conveniencia de adquirir tarjetas regalo Carrefour a trav\u00e9s de Wayaly, utilizando la pasarela de pago segura de Waynance y pagando con USDT. Disfruta de una experiencia de compra sin complicaciones mientras aprovechas la facilidad y seguridad de las criptomonedas. Con Wayaly, tu acceso a tarjetas regalo Carrefour se vuelve m\u00e1s eficiente y moderno, permiti\u00e9ndote disfrutar de una amplia variedad de productos con total comodidad y tecnolog\u00eda avanzada de pagos. Simplifica tu experiencia de compra con la combinaci\u00f3n perfecta de Wayaly, Waynance y criptomonedas\",\"breadcrumb\":{\"@id\":\"https:\/\/wayaly.com\/pruebas3\/producto\/carrefour\/#breadcrumb\"},\"inLanguage\":\"es\",\"potentialAction\":[{\"@type\":\"ReadAction\",\"target\":[\"https:\/\/wayaly.com\/pruebas3\/producto\/carrefour\/\"]}]},{\"@type\":\"BreadcrumbList\",\"@id\":\"https:\/\/wayaly.com\/pruebas3\/producto\/carrefour\/#breadcrumb\",\"itemListElement\":[{\"@type\":\"ListItem\",\"position\":1,\"name\":\"Portada\",\"item\":\"https:\/\/wayaly.com\/pruebas3\/\"},{\"@type\":\"ListItem\",\"position\":2,\"name\":\"Shop\",\"item\":\"https:\/\/wayaly.com\/pruebas3\/shop\/\"},{\"@type\":\"ListItem\",\"position\":3,\"name\":\"Carrefour\"}]},{\"@type\":\"WebSite\",\"@id\":\"https:\/\/wayaly.com\/pruebas3\/#website\",\"url\":\"https:\/\/wayaly.com\/pruebas3\/\",\"name\":\"Wayaly GiftCard\",\"description\":\"Paga con USDT en Glovo, Primark, Zara y m\u00e1s con Waynance\",\"publisher\":{\"@id\":\"https:\/\/wayaly.com\/pruebas3\/#organization\"},\"potentialAction\":[{\"@type\":\"SearchAction\",\"target\":{\"@type\":\"EntryPoint\",\"urlTemplate\":\"https:\/\/wayaly.com\/pruebas3\/?s={search_term_string}\"},\"query-input\":\"required name=search_term_string\"}],\"inLanguage\":\"es\"},{\"@type\":\"Organization\",\"@id\":\"https:\/\/wayaly.com\/pruebas3\/#organization\",\"name\":\"Wayaly GiftCard\",\"url\":\"https:\/\/wayaly.com\/pruebas3\/\",\"logo\":{\"@type\":\"ImageObject\",\"inLanguage\":\"es\",\"@id\":\"https:\/\/wayaly.com\/pruebas3\/#\/schema\/logo\/image\/\",\"url\":\"https:\/\/wayaly.com\/pruebas3\/wp-content\/uploads\/2023\/12\/cropped-3.png\",\"contentUrl\":\"https:\/\/wayaly.com\/pruebas3\/wp-content\/uploads\/2023\/12\/cropped-3.png\",\"width\":1110,\"height\":931,\"caption\":\"Wayaly GiftCard\"},\"image\":{\"@id\":\"https:\/\/wayaly.com\/pruebas3\/#\/schema\/logo\/image\/\"},\"sameAs\":[\"https:\/\/twitter.com\/Wayaly_\"]}]}<\/script>\n<!-- \/ Yoast SEO plugin. -->","yoast_head_json":{"title":"Carrefour - Wayaly GiftCard","description":"Descubre la conveniencia de adquirir tarjetas regalo Carrefour a trav\u00e9s de Wayaly, utilizando la pasarela de pago segura de Waynance y pagando con USDT. Disfruta de una experiencia de compra sin complicaciones mientras aprovechas la facilidad y seguridad de las criptomonedas. Con Wayaly, tu acceso a tarjetas regalo Carrefour se vuelve m\u00e1s eficiente y moderno, permiti\u00e9ndote disfrutar de una amplia variedad de productos con total comodidad y tecnolog\u00eda avanzada de pagos. Simplifica tu experiencia de compra con la combinaci\u00f3n perfecta de Wayaly, Waynance y criptomonedas","robots":{"index":"index","follow":"follow","max-snippet":"max-snippet:-1","max-image-preview":"max-image-preview:large","max-video-preview":"max-video-preview:-1"},"canonical":"https:\/\/wayaly.com\/pruebas3\/producto\/carrefour\/","og_locale":"es_ES","og_type":"article","og_title":"Carrefour - Wayaly GiftCard","og_description":"Descubre la conveniencia de adquirir tarjetas regalo Carrefour a trav\u00e9s de Wayaly, utilizando la pasarela de pago segura de Waynance y pagando con USDT. Disfruta de una experiencia de compra sin complicaciones mientras aprovechas la facilidad y seguridad de las criptomonedas. Con Wayaly, tu acceso a tarjetas regalo Carrefour se vuelve m\u00e1s eficiente y moderno, permiti\u00e9ndote disfrutar de una amplia variedad de productos con total comodidad y tecnolog\u00eda avanzada de pagos. Simplifica tu experiencia de compra con la combinaci\u00f3n perfecta de Wayaly, Waynance y criptomonedas","og_url":"https:\/\/wayaly.com\/pruebas3\/producto\/carrefour\/","og_site_name":"Wayaly GiftCard","article_modified_time":"2023-12-30T11:34:50+00:00","og_image":[{"width":604,"height":612,"url":"https:\/\/wayaly.com\/pruebas3\/wp-content\/uploads\/2023\/12\/ca.png","type":"image\/png"}],"twitter_card":"summary_large_image","twitter_site":"@Wayaly_","twitter_misc":{"Tiempo de lectura":"2 minutos"},"schema":{"@context":"https:\/\/schema.org","@graph":[{"@type":"WebPage","@id":"https:\/\/wayaly.com\/pruebas3\/producto\/carrefour\/","url":"https:\/\/wayaly.com\/pruebas3\/producto\/carrefour\/","name":"Carrefour - Wayaly GiftCard","isPartOf":{"@id":"https:\/\/wayaly.com\/pruebas3\/#website"},"datePublished":"2023-12-30T09:52:45+00:00","dateModified":"2023-12-30T11:34:50+00:00","description":"Descubre la conveniencia de adquirir tarjetas regalo Carrefour a trav\u00e9s de Wayaly, utilizando la pasarela de pago segura de Waynance y pagando con USDT. Disfruta de una experiencia de compra sin complicaciones mientras aprovechas la facilidad y seguridad de las criptomonedas. Con Wayaly, tu acceso a tarjetas regalo Carrefour se vuelve m\u00e1s eficiente y moderno, permiti\u00e9ndote disfrutar de una amplia variedad de productos con total comodidad y tecnolog\u00eda avanzada de pagos. Simplifica tu experiencia de compra con la combinaci\u00f3n perfecta de Wayaly, Waynance y criptomonedas","breadcrumb":{"@id":"https:\/\/wayaly.com\/pruebas3\/producto\/carrefour\/#breadcrumb"},"inLanguage":"es","potentialAction":[{"@type":"ReadAction","target":["https:\/\/wayaly.com\/pruebas3\/producto\/carrefour\/"]}]},{"@type":"BreadcrumbList","@id":"https:\/\/wayaly.com\/pruebas3\/producto\/carrefour\/#breadcrumb","itemListElement":[{"@type":"ListItem","position":1,"name":"Portada","item":"https:\/\/wayaly.com\/pruebas3\/"},{"@type":"ListItem","position":2,"name":"Shop","item":"https:\/\/wayaly.com\/pruebas3\/shop\/"},{"@type":"ListItem","position":3,"name":"Carrefour"}]},{"@type":"WebSite","@id":"https:\/\/wayaly.com\/pruebas3\/#website","url":"https:\/\/wayaly.com\/pruebas3\/","name":"Wayaly GiftCard","description":"Paga con USDT en Glovo, Primark, Zara y m\u00e1s con Waynance","publisher":{"@id":"https:\/\/wayaly.com\/pruebas3\/#organization"},"potentialAction":[{"@type":"SearchAction","target":{"@type":"EntryPoint","urlTemplate":"https:\/\/wayaly.com\/pruebas3\/?s={search_term_string}"},"query-input":"required name=search_term_string"}],"inLanguage":"es"},{"@type":"Organization","@id":"https:\/\/wayaly.com\/pruebas3\/#organization","name":"Wayaly GiftCard","url":"https:\/\/wayaly.com\/pruebas3\/","logo":{"@type":"ImageObject","inLanguage":"es","@id":"https:\/\/wayaly.com\/pruebas3\/#\/schema\/logo\/image\/","url":"https:\/\/wayaly.com\/pruebas3\/wp-content\/uploads\/2023\/12\/cropped-3.png","contentUrl":"https:\/\/wayaly.com\/pruebas3\/wp-content\/uploads\/2023\/12\/cropped-3.png","width":1110,"height":931,"caption":"Wayaly GiftCard"},"image":{"@id":"https:\/\/wayaly.com\/pruebas3\/#\/schema\/logo\/image\/"},"sameAs":["https:\/\/twitter.com\/Wayaly_"]}]}},"_links":{"self":[{"href":"https:\/\/wayaly.com\/pruebas3\/wp-json\/wp\/v2\/product\/1209","targetHints":{"allow":["GET"]}}],"collection":[{"href":"https:\/\/wayaly.com\/pruebas3\/wp-json\/wp\/v2\/product"}],"about":[{"href":"https:\/\/wayaly.com\/pruebas3\/wp-json\/wp\/v2\/types\/product"}],"replies":[{"embeddable":true,"href":"https:\/\/wayaly.com\/pruebas3\/wp-json\/wp\/v2\/comments?post=1209"}],"wp:featuredmedia":[{"embeddable":true,"href":"https:\/\/wayaly.com\/pruebas3\/wp-json\/wp\/v2\/media\/1233"}],"wp:attachment":[{"href":"https:\/\/wayaly.com\/pruebas3\/wp-json\/wp\/v2\/media?parent=1209"}],"wp:term":[{"taxonomy":"product_cat","embeddable":true,"href":"https:\/\/wayaly.com\/pruebas3\/wp-json\/wp\/v2\/product_cat?post=1209"},{"taxonomy":"product_tag","embeddable":true,"href":"https:\/\/wayaly.com\/pruebas3\/wp-json\/wp\/v2\/product_tag?post=1209"}],"curies":[{"name":"wp","href":"https:\/\/api.w.org\/{rel}","templated":true}]}}